{"id":429,"date":"2022-04-13T15:57:51","date_gmt":"2022-04-13T15:57:51","guid":{"rendered":"http:\/\/sgn.sg-neubeckum.de\/?page_id=429"},"modified":"2023-01-13T10:28:11","modified_gmt":"2023-01-13T10:28:11","slug":"kleinkalibergewehr","status":"publish","type":"page","link":"https:\/\/sg-neubeckum.de\/?page_id=429","title":{"rendered":"Kleinkalibergewehr"},"content":{"rendered":"<p style=\"text-align: justify;\"><strong><span style=\"font-family: arial, helvetica, sans-serif; font-size: 14pt;\">KK-Gewehre (KK = Kleinkaliber), sind Waffen, die im Sinne des Waffengesetzes Feuerwaffen sind, f\u00fcr die eine Erwerbsberechtigung (ab 18 Jahre) erforderlich ist. Dieses ist im allgemeinen die Waffenbesitzkarte, kurz WBK genannt. KK-Gewehre haben ein Kaliber 5,6 mm und sind in der Regel Einzellader. Dieses Kaliber wird auch im allgemeinen 22 lfb bezeichnet. Die Schu\u00dfenergie liegt in etwa bei 200 Joul.<\/span><\/strong><\/p>\n<p style=\"text-align: justify;\"><strong><span style=\"font-family: arial, helvetica, sans-serif; font-size: 14pt;\">Die KK-Gewehre werden in zwei unterschiedliche Bauarten unterteilt:<\/span><\/strong><\/p>\n<p style=\"text-align: justify;\"><strong><span style=\"font-family: arial, helvetica, sans-serif; font-size: 14pt;\">1. Der Standardwaffe. Diese Bauart schreibt einen Gro\u00dfteil der Waffenform vor. \u00c4nderungen an der Ausf\u00fchrung sind nicht konform mit der Sportordnung des DSB.<\/span><\/strong><\/p>\n<p style=\"text-align: justify;\"><strong><span style=\"font-family: arial, helvetica, sans-serif; font-size: 14pt;\">2. Der Supermatch-Waffe. Diese Bauart ist eine spezielle Schaftvariante f\u00fcr das sogenannte Liegenschie\u00dfen<\/span><\/strong><\/p>\n<p>&nbsp;<\/p>\n<p style=\"text-align: center;\"><span style=\"text-decoration: underline;\"><strong><span style=\"font-family: arial, helvetica, sans-serif; font-size: 14pt;\">Waffenbeispiele:<\/span><\/strong><\/span><\/p>\n<p style=\"text-align: center;\"><img loading=\"lazy\" decoding=\"async\" class=\"alignnone size-medium wp-image-250\" src=\"https:\/\/sg-neubeckum.de\/wp-content\/uploads\/2022\/02\/Anschuetz2007-300x110.jpg\" alt=\"\" width=\"300\" height=\"110\" srcset=\"https:\/\/sg-neubeckum.de\/wp-content\/uploads\/2022\/02\/Anschuetz2007-300x110.jpg 300w, https:\/\/sg-neubeckum.de\/wp-content\/uploads\/2022\/02\/Anschuetz2007.jpg 350w\" sizes=\"auto, (max-width: 300px) 100vw, 300px\" \/><\/p>\n<p style=\"text-align: center;\"><strong><span style=\"font-family: arial, helvetica, sans-serif; font-size: 14pt;\">Ansch\u00fctz Mod. 1907 &#8211; Standardschaft<\/span><\/strong><\/p>\n<p><img loading=\"lazy\" decoding=\"async\" class=\"size-medium wp-image-251 aligncenter\" src=\"https:\/\/sg-neubeckum.de\/wp-content\/uploads\/2022\/02\/Anschuetz2013-300x105.jpg\" alt=\"\" width=\"300\" height=\"105\" srcset=\"https:\/\/sg-neubeckum.de\/wp-content\/uploads\/2022\/02\/Anschuetz2013-300x105.jpg 300w, https:\/\/sg-neubeckum.de\/wp-content\/uploads\/2022\/02\/Anschuetz2013.jpg 350w\" sizes=\"auto, (max-width: 300px) 100vw, 300px\" \/><\/p>\n<p style=\"text-align: center;\"><strong><span style=\"font-family: arial, helvetica, sans-serif; font-size: 14pt;\">Ansch\u00fctz Mod. 2013 &#8211; SuperMatch<\/span><\/strong><\/p>\n","protected":false},"excerpt":{"rendered":"<p>KK-Gewehre (KK = Kleinkaliber), sind Waffen, die im Sinne des Waffengesetzes Feuerwaffen sind, f\u00fcr die eine Erwerbsberechtigung (ab 18 Jahre) erforderlich ist. Dieses ist im allgemeinen die Waffenbesitzkarte, kurz WBK genannt. KK-Gewehre haben ein Kaliber 5,6 mm und sind in der Regel Einzellader. Dieses Kaliber wird auch im allgemeinen 22 lfb bezeichnet. Die Schu\u00dfenergie liegt &#8230; <a title=\"Kleinkalibergewehr\" class=\"read-more\" href=\"https:\/\/sg-neubeckum.de\/?page_id=429\" aria-label=\"Mehr Informationen \u00fcber Kleinkalibergewehr\">Weiterlesen &#8230;<\/a><\/p>\n","protected":false},"author":3,"featured_media":0,"parent":0,"menu_order":0,"comment_status":"closed","ping_status":"closed","template":"","meta":{"_bbp_topic_count":0,"_bbp_reply_count":0,"_bbp_total_topic_count":0,"_bbp_total_reply_count":0,"_bbp_voice_count":0,"_bbp_anonymous_reply_count":0,"_bbp_topic_count_hidden":0,"_bbp_reply_count_hidden":0,"_bbp_forum_subforum_count":0,"footnotes":""},"class_list":["post-429","page","type-page","status-publish"],"_links":{"self":[{"href":"https:\/\/sg-neubeckum.de\/index.php?rest_route=\/wp\/v2\/pages\/429","targetHints":{"allow":["GET"]}}],"collection":[{"href":"https:\/\/sg-neubeckum.de\/index.php?rest_route=\/wp\/v2\/pages"}],"about":[{"href":"https:\/\/sg-neubeckum.de\/index.php?rest_route=\/wp\/v2\/types\/page"}],"author":[{"embeddable":true,"href":"https:\/\/sg-neubeckum.de\/index.php?rest_route=\/wp\/v2\/users\/3"}],"replies":[{"embeddable":true,"href":"https:\/\/sg-neubeckum.de\/index.php?rest_route=%2Fwp%2Fv2%2Fcomments&post=429"}],"version-history":[{"count":5,"href":"https:\/\/sg-neubeckum.de\/index.php?rest_route=\/wp\/v2\/pages\/429\/revisions"}],"predecessor-version":[{"id":843,"href":"https:\/\/sg-neubeckum.de\/index.php?rest_route=\/wp\/v2\/pages\/429\/revisions\/843"}],"wp:attachment":[{"href":"https:\/\/sg-neubeckum.de\/index.php?rest_route=%2Fwp%2Fv2%2Fmedia&parent=429"}],"curies":[{"name":"wp","href":"https:\/\/api.w.org\/{rel}","templated":true}]}}