{"id":93,"date":"2021-08-10T14:34:04","date_gmt":"2021-08-10T14:34:04","guid":{"rendered":"http:\/\/sgn.sg-neubeckum.de\/?page_id=93"},"modified":"2023-11-16T20:21:27","modified_gmt":"2023-11-16T20:21:27","slug":"downloads","status":"publish","type":"page","link":"https:\/\/sg-neubeckum.de\/?page_id=93","title":{"rendered":"Downloads"},"content":{"rendered":"\r\n<p style=\"text-align: center;\"><strong><span style=\"font-family: arial, helvetica, sans-serif; font-size: 14pt;\">Sie wollen Mitglied in unserem Verein werden und unseren Schie\u00dfstand n\u00e4her kennenlernen? Dann besuchen Sie doch mal unseren Schie\u00dfstand. In der <a href=\"https:\/\/sg-neubeckum.de\/?page_id=61\" data-type=\"URL\" data-id=\"http:\/\/www.sg-neubeckum.de\">Wegbeschreibung<\/a> finden Sie den Weg zu uns.<\/span><\/strong><\/p>\r\n<p><strong><span style=\"font-family: arial, helvetica, sans-serif; font-size: 14pt;\">\r\n\r\n<\/span><\/strong><\/p>\r\n<p style=\"text-align: center;\"><strong><span style=\"font-family: arial, helvetica, sans-serif; font-size: 14pt;\">F\u00fcr die Beantragung der Mitgliedschaft ben\u00f6tigen Sie den Aufnahmeantrag, den Sie sich <a href=\"https:\/\/sg-neubeckum.de\/wp-content\/uploads\/2023\/11\/SGN_ANA_Neu.pdf\" target=\"_blank\" rel=\"noopener\" data-type=\"URL\">hier<\/a> runterladen k\u00f6nnen (Drucken SIe das PDF-Dokument unbedingt doppelseitig aus &#8211; das erste Blatt erhalten wir, das zweite Blatt &#8211; die Datenschutzerkl\u00e4rung &#8211; ist f\u00fcr den Antragssteller).<br \/><\/span><\/strong><\/p>\r\n<p style=\"text-align: center;\"><strong><span style=\"font-family: arial, helvetica, sans-serif; font-size: 14pt;\">Sollte der Antragsteller noch nicht vollj\u00e4hrig sein, so sind beim Alter unter 14 (f\u00fcr Luftdruckwaffen), bzw. unter 16 (f\u00fcr Kleinkaliberwaffen) noch Einverst\u00e4ndniserkl\u00e4rungen erforderlich, die <a href=\"https:\/\/sg-neubeckum.de\/wp-content\/uploads\/2022\/04\/SGN_EVK-WaffG.pdf\" target=\"_blank\" rel=\"noopener\">hier<\/a> ebenfalls runtergeladen werden k\u00f6nnen.<\/span><\/strong><\/p>\r\n<p><strong><span style=\"font-family: arial, helvetica, sans-serif; font-size: 14pt;\">\r\n\r\n<\/span><\/strong><\/p>\r\n<p style=\"text-align: center;\"><strong><span style=\"font-family: arial, helvetica, sans-serif; font-size: 14pt;\">Auch k\u00f6nnen Sie die Satzung unseres Vereines <a href=\"https:\/\/sg-neubeckum.de\/wp-content\/uploads\/2022\/04\/SGN-Satzung-Stand-01-2015.pdf\" target=\"_blank\" rel=\"noopener\">hier<\/a> einsehen.<\/span><\/strong><\/p>\r\n<p><strong><span style=\"font-family: arial, helvetica, sans-serif; font-size: 14pt;\">\r\n\r\n<\/span><\/strong><\/p>\r\n<p style=\"text-align: center;\"><strong><span style=\"font-family: arial, helvetica, sans-serif; font-size: 14pt;\">Sind Sie Inhaber einer Waffenbesitzkarte, so k\u00f6nnen Sie die neuste Fassung des derzeitg g\u00fcltigen Waffengesetzes <a href=\"https:\/\/sg-neubeckum.de\/wp-content\/uploads\/2022\/04\/Waffengesetz.pdf\" target=\"_blank\" rel=\"noopener\">hier<\/a> einsehen.<\/span><\/strong><\/p>\r\n<p style=\"text-align: center;\"><span style=\"font-family: arial, helvetica, sans-serif; font-size: 14pt;\"><strong>Die heruntergeladenen Formulare finden Sie in Ihrem Webbrowser oben rechts unter dem Download-Symbol als PDF-Formular.<\/strong><\/span><\/p>\r\n<p><strong><span style=\"font-family: arial, helvetica, sans-serif; font-size: 14pt;\">\r\n\r\n<\/span><\/strong><\/p>\r\n<p style=\"text-align: center;\"><strong><span style=\"font-family: arial, helvetica, sans-serif; font-size: 14pt;\">Probleme beim Laden der hinterlegten PDF-Dateien?<\/span><\/strong><br \/><strong><span style=\"font-family: arial, helvetica, sans-serif; font-size: 14pt;\">Dann laden Sie sich den neusten Arcobat Reader <a href=\"https:\/\/www.adobe.com\/de\/acrobat\/pdf-reader.html?mv=search&amp;sdid=X2PHHWM8&amp;ef_id=EAIaIQobChMI452g9b-T9wIVC5BoCR3ckQYDEAAYASAAEgJC_fD_BwE:G:s&amp;s_kwcid=AL!3085!3!536814845406!e!!g!!adobe%2520reader%2520download!14038701815!123850610063&amp;gclid=EAIaIQobChMI452g9b-T9wIVC5BoCR3ckQYDEAAYASAAEgJC_fD_BwE\" target=\"_blank\" rel=\"noopener\">hier<\/a> runter.<\/span><\/strong><\/p>\r\n\r\n\r\n\r\n<p>&nbsp;<\/p>\r\n","protected":false},"excerpt":{"rendered":"<p>Sie wollen Mitglied in unserem Verein werden und unseren Schie\u00dfstand n\u00e4her kennenlernen? Dann besuchen Sie doch mal unseren Schie\u00dfstand. In der Wegbeschreibung finden Sie den Weg zu uns. F\u00fcr die Beantragung der Mitgliedschaft ben\u00f6tigen Sie den Aufnahmeantrag, den Sie sich hier runterladen k\u00f6nnen (Drucken SIe das PDF-Dokument unbedingt doppelseitig aus &#8211; das erste Blatt erhalten &#8230; <a title=\"Downloads\" class=\"read-more\" href=\"https:\/\/sg-neubeckum.de\/?page_id=93\" aria-label=\"Mehr Informationen \u00fcber Downloads\">Weiterlesen &#8230;<\/a><\/p>\n","protected":false},"author":3,"featured_media":0,"parent":0,"menu_order":0,"comment_status":"closed","ping_status":"closed","template":"","meta":{"_bbp_topic_count":0,"_bbp_reply_count":0,"_bbp_total_topic_count":0,"_bbp_total_reply_count":0,"_bbp_voice_count":0,"_bbp_anonymous_reply_count":0,"_bbp_topic_count_hidden":0,"_bbp_reply_count_hidden":0,"_bbp_forum_subforum_count":0,"footnotes":""},"class_list":["post-93","page","type-page","status-publish"],"_links":{"self":[{"href":"https:\/\/sg-neubeckum.de\/index.php?rest_route=\/wp\/v2\/pages\/93","targetHints":{"allow":["GET"]}}],"collection":[{"href":"https:\/\/sg-neubeckum.de\/index.php?rest_route=\/wp\/v2\/pages"}],"about":[{"href":"https:\/\/sg-neubeckum.de\/index.php?rest_route=\/wp\/v2\/types\/page"}],"author":[{"embeddable":true,"href":"https:\/\/sg-neubeckum.de\/index.php?rest_route=\/wp\/v2\/users\/3"}],"replies":[{"embeddable":true,"href":"https:\/\/sg-neubeckum.de\/index.php?rest_route=%2Fwp%2Fv2%2Fcomments&post=93"}],"version-history":[{"count":12,"href":"https:\/\/sg-neubeckum.de\/index.php?rest_route=\/wp\/v2\/pages\/93\/revisions"}],"predecessor-version":[{"id":1169,"href":"https:\/\/sg-neubeckum.de\/index.php?rest_route=\/wp\/v2\/pages\/93\/revisions\/1169"}],"wp:attachment":[{"href":"https:\/\/sg-neubeckum.de\/index.php?rest_route=%2Fwp%2Fv2%2Fmedia&parent=93"}],"curies":[{"name":"wp","href":"https:\/\/api.w.org\/{rel}","templated":true}]}}